 Suppose 0 = -5*j - 37 + z. What is the greatest common divisor of j and 3?
3
Suppose -4*b + j + 20 = 0, -4*b + 3*j = -4 - 16. Let p(m) = 2*m + 5. Let g be p(b). What is the highest common divisor of 165 and g?
15
Suppose 40 = -10*a + 15*a. What is the greatest common factor of a and 10?
2
Let a(q) = -25*q**3 + 2*q + 1. Let i be a(-1). Let s = -45 + 51. What is the highest common divisor of i and s?
6
Suppose -3*j = m - 80, m + 0*m + 76 = 3*j. What is the greatest common divisor of j and 65?
13
Suppose q - p - 54 = 0, q = -6*p + p + 24. Calculate the highest common factor of 196 and q.
49
Let k = -101 - -125. What is the greatest common factor of k and 84?
12
Let z(t) = 3*t - 5. Let i be z(4). Suppose 0 = -3*p - 0*p + 15. Suppose p*v - 6*v = -7. Calculate the highest common divisor of v and i.
7
Suppose -y + 2 = -a, -y + 4*a = 4*y - 12. Let w be 7 + 1 + (y - 0). Let h = 27 - -81. Calculate the greatest common divisor of h and w.
12
Suppose t = 5*a + 38, 0 = -4*t + 5*a + 32 + 45. Calculate the greatest common divisor of t and 130.
13
Suppose -4*w = 23 - 83. Calculate the greatest common divisor of w and 3.
3
Let h = 35 + -20. Suppose -3*b - 2*b = -h. Let w(c) = -14*c**3 + 2*c**2 + 3*c + 2. Let s be w(-1). Calculate the greatest common divisor of b and s.
3
Let j be (-13)/(-11) + (-2)/11. What is the highest common divisor of 9 and j?
1
Let k(w) = -3*w - 4. Let b be k(-6). What is the highest common divisor of 98 and b?
14
Let g(n) = -n**2 - 5*n - 7. Let c be g(-6). Let m be (-550)/(-26) + 2/c. Calculate the greatest common factor of m and 147.
21
Let w be 1/5 - ((-1256)/5)/4. What is the highest common divisor of 21 and w?
21
Let q = -8 - -12. Calculate the greatest common factor of q and 36.
4
Let w = -2 - -5. Suppose -w*p + 16 = -32. Let x be ((-6)/8)/((-4)/p). Calculate the highest common factor of 3 and x.
3
Let l(m) = m**3 + 7*m**2 - 4*m - 12. Let u be l(-7). What is the greatest common divisor of 192 and u?
16
Let p(i) = 19*i**3 + i**2 - 2*i + 2. Let b be p(1). Calculate the highest common divisor of b and 160.
20
Let f(v) be the second derivative of -v**4/12 - 11*v**3/6 - 13*v**2/2 - 6*v. Let g be f(-9). Calculate the highest common factor of g and 10.
5
Let v(h) = h**2 + h - 1. Let d be v(0). Let z be 73 - (0/2 - d). What is the highest common divisor of z and 18?
18
Suppose -j - 11 = -2*k - 2*j, 3*j - 18 = -k. Let x be k*(1 + 0) + 2. What is the greatest common factor of 55 and x?
5
Let f = 2 + -2. Suppose f = 2*p - p - 4. Suppose l + 6 + 94 = w, p*l = -5*w + 491. What is the highest common divisor of 9 and w?
9
Suppose -k + 3 - 24 = 0. Let w be (-9)/21 + (-114)/k. What is the highest common factor of 2 and w?
1
Let b be ((-16)/5)/((-14)/525). What is the highest common factor of b and 15?
15
Suppose 0 = -5*i + 3*a + 111, -3*i - 2*i - 2*a + 126 = 0. What is the greatest common factor of i and 96?
24
Let k = 48 + -32. Calculate the highest common factor of 8 and k.
8
Let g(t) = -3*t + 7. Let w(l) = -4 - 2*l + 7 + 0*l + 0. Let q(j) = -4*g(j) + 9*w(j). Let h be q(-3). Calculate the greatest common factor of 17 and h.
17
Suppose 2*r = 7*y - 3*y - 28, -5*y = -4*r - 32. Calculate the highest common factor of 232 and y.
8
Suppose 5*p = 3*p + 24. Suppose 2*u = 3*m + 33, -5*u - 4*m = -9*m - 85. Calculate the highest common factor of p and u.
6
Suppose u = -0*u - 1504. Let l be (-4)/(-14) + u/(-28). Suppose 0 = m - l + 19. What is the highest common divisor of 5 and m?
5
Suppose -c = -3*c + 12. Calculate the highest common divisor of c and 42.
6
Suppose -2*g = -12 - 30. What is the highest common divisor of g and 42?
21
Let l = -32 + 42. Calculate the greatest common divisor of 110 and l.
10
Let z = 39 + -37. Calculate the highest common divisor of 2 and z.
2
Let r = -53 + 74. Let h = r - 14. What is the highest common factor of h and 7?
7
Let h(s) = 27*s**3. Let j be h(1). What is the greatest common divisor of j and 18?
9
Let h(r) = r**2 - 8*r + 12. Let f be h(11). What is the greatest common divisor of 15 and f?
15
Let j = 17 - 8. Let p(s) = 1 + j + s + 2. Let d be p(-8). What is the greatest common divisor of d and 4?
4
Let i(t) = t - 6. Suppose 0 = 5*z - 59 + 4. Let d be i(z). Calculate the highest common divisor of d and 1.
1
Suppose r = -u + 2*u - 2, 5*r + 5 = 4*u. What is the highest common factor of u and 5?
5
Suppose -9*b = -120 - 366. What is the greatest common divisor of 6 and b?
6
Let a(j) = 8*j**2. Let p be a(-1). Let c = 208 + -136. What is the highest common factor of p and c?
8
Suppose 0 = x + 2, k + 3*x = 10. Let j = -11 + k. What is the highest common factor of 55 and j?
5
Suppose -4*c + 28 = h, h + 5*c - 15 = 12. Let l(i) = i**3 - 6*i**2 + 2*i - 1. Let d be l(4). Let f = d - -33. Calculate the highest common divisor of f and h.
8
Let p be -3 - (-2)/(-2)*-29. Let i = p + -2. What is the greatest common factor of i and 48?
24
Suppose 30 = -5*p + 7*p. Let i be 3/(6/34) + -2. Calculate the greatest common divisor of i and p.
15
Let p = 285 - 193. Calculate the highest common divisor of 23 and p.
23
Let m(g) = g**3 + 13*g**2 + 6*g - 14. Let a be m(-12). Suppose -2*h - 4*b + a = -22, 2*b = -5*h + 176. What is the highest common divisor of 51 and h?
17
Suppose -5*z = -93 - 357. Suppose 0 = -3*q + 4*m + z, q + 5*m - 37 - 12 = 0. What is the greatest common factor of 85 and q?
17
Let j(m) = 4*m + 2. Let l be j(4). What is the greatest common factor of 90 and l?
18
Let g = -69 - -102. What is the greatest common divisor of g and 3?
3
Let s be (4/(-8))/(5/(-80)). Calculate the greatest common divisor of s and 4.
4
Let t(h) = 91*h - 2. Let s be t(2). Suppose 7*b - 4*b = 60. Calculate the greatest common divisor of s and b.
20
Let v = 28 - 17. Let m = -2 - -7. Suppose 0 = -m*l + l + 308. What is the greatest common factor of v and l?
11
Suppose 0 = -3*a + 5*a - 114. What is the greatest common factor of a and 19?
19
Suppose 4 = -5*t - 3*w + 2*w, 3*t - 4*w = 16. Let q = t - -2. Let f(i) = 3*i - 2. Let r be f(q). Calculate the highest common factor of r and 4.
4
Let o = 9 + -12. Let y be -18*o*(-4)/(-18). What is the greatest common factor of 132 and y?
12
Let c be (2 + -1)*(-15)/(-3). Let b(a) be the second derivative of a**3 - 3*a**2 + 4*a. Let g be b(c). What is the greatest common factor of 6 and g?
6
Suppose -2*i + 146 = -286. What is the highest common divisor of i and 27?
27
Let u be ((-8)/(-6))/(2/54). Let s be 10/(-35) + (-508)/(-14). Suppose 4*v - 252 + s = 0. Calculate the greatest common divisor of v and u.
18
Suppose 20 = 3*c - 46. Let q be -5 + (41 - (0 - (3 + -6))). What is the greatest common divisor of q and c?
11
Suppose -11 = -2*c + d, 7*c - 6*c + 4*d - 1 = 0. Suppose 6*w - 3*w - 42 = -5*x, 14 = c*x - 4*w. Let h = x + 2. What is the highest common factor of 12 and h?
4
Suppose -12*o + 11*o + 9 = 0. What is the highest common divisor of o and 45?
9
Let l be 740/25 - (-12)/(-20). What is the highest common divisor of 145 and l?
29
Let p be 5/((-3)/((-9)/(-1))). Let n be (-5)/(p/6)*3. Suppose -2 = -n*o + 4*o. Calculate the greatest common divisor of 3 and o.
1
Suppose 2*p = 3*c + 313, 2*c + 3*c = 2*p - 311. Let w = p - 110. Let i be 1 - 0 - (-10 - 1). Calculate the highest common divisor of i and w.
12
Suppose 3*c - 42 + 0 = 0. Calculate the highest common divisor of 21 and c.
7
Suppose -2*p = -3*v + 2*p + 177, 4*v - 2*p - 246 = 0. Calculate the greatest common factor of v and 7.
7
Let f(l) = l**2 - 13*l + 12. Let i be f(12). Suppose i = -2*u - u + 9. Calculate the highest common divisor of u and 21.
3
Suppose 6*l - 4*n - 96 = 3*l, 2*n = -4*l + 128. Calculate the highest common divisor of 320 and l.
32
Suppose -2*f - 6 = d, -d + 21 = -2*d - 5*f. Suppose 3*z = z + 16. What is the highest common divisor of z and d?
4
Let x(y) = -2*y**3 - 2*y**2 - 2*y - 2. Let h be x(-2). Let q = 301 - 72. Suppose -2*p - 49 = -q. What is the highest common divisor of h and p?
10
Let q(y) be the third derivative of -y**5/60 + 3*y**4/8 + 2*y**3 + 2*y**2. Let k be q(9). What is the greatest common factor of k and 6?
6
Let h(j) = 6 - 13 + 6 - 7*j**3. Let o be h(-2). Calculate the greatest common divisor of o and 11.
11
Let k(a) = 16*a - 8. Let h be k(8). Let q be (-1 + (-2 - -8))*-3. Let o be -5*1*144/q. Calculate the highest common divisor o